{"id":53802,"date":"2026-09-02T15:13:37","date_gmt":"2026-09-02T13:13:37","guid":{"rendered":"https:\/\/messweb-masters.de\/?page_id=53802"},"modified":"2026-09-02T16:52:25","modified_gmt":"2026-09-02T14:52:25","slug":"vortragsprogamm-2026","status":"publish","type":"page","link":"https:\/\/messweb-masters.de\/en\/vortragsprogamm-2026\/","title":{"rendered":"Innovation erleben. Wissen teilen. Zukunft diskutieren."},"content":{"rendered":"<p>Dieses Jahr findet das messweb masters erstmals als <b>Digitale Konferenz<\/b> statt \u2013 eingebettet in die ganzj\u00e4hrige Webinarreihe <b>messweb <i>insights<\/i><\/b>, die wir gemeinsam mit unserem Partner messweb.de veranstalten. Freuen Sie sich auf zwei Tage voller spannender Technologien, Expertenwissen und Diskussionen rund um <b>Sensorik, Messtechnik, Pr\u00fcftechnik und Automotive Testing.<\/b><\/p>\n<p>Zum Auftakt am <b>29. September<\/b> steht die Frage im Mittelpunkt: <b>Wie sieht die Messtechnik von heute und morgen aus?<\/b> Hochkar\u00e4tige Experten zeigen aktuelle Entwicklungen und konkrete L\u00f6sungen \u2013 von der flexiblen Datenerfassung \u00fcber neue ADC-Systeme bis hin zur ber\u00fchrungslosen Schwingungsmessung. In der anschlie\u00dfenden Podiumsdiskussion zur Zukunft der Messtechnik wird diskutiert, welche Technologien die Branche nachhaltig ver\u00e4ndern werden.<\/p>\n<p>Gemeinsam mit unseren Referenten laden wir Sie herzlich ein! Die Teilnahme an der Digitalen Konferenz ist <b>kostenfrei.<\/b> Nach der <a href=\"https:\/\/events.teams.microsoft.com\/event\/8f7ab2ee-5c32-4185-92ef-42d7897b36d0@a572513d-dd58-4f49-a084-5abadacbf4be\" target=\"_blank\" rel=\"noopener noreferrer\"><span style=\"color:#e67e23;\">Anmeldung<\/span><\/a> erhalten Sie Ihren pers\u00f6nlichen Link zur Teilnahme.<\/p>\n<p><h3>Programm | Tag 1<\/h3>\n<\/p>\n<table style=\"width: 100%; height: 140px;\">\n<tbody>\n<tr style=\"height: 70px;\">\n<td style=\"width: 80px; text-align: center; vertical-align: middle; height: 70px;\"><img data-recalc-dims=\"1\" loading=\"lazy\" decoding=\"async\" class=\"\" src=\"https:\/\/i0.wp.com\/messweb-masters.de\/wp-content\/uploads\/2026\/09\/MichaKuhs-60x60-1.jpg?resize=60%2C60&#038;ssl=1\" title=\"Micha Kuhs\" width=\"60\" height=\"60\" \/><strong>10:00<br \/>&#8211;<br \/>10:30<\/strong><\/td>\n<td style=\"vertical-align: middle; height: 70px;\"><strong>Effiziente Datenerfassung mit der M3-Serie \u2013 Systeme integrieren, Messaufgaben flexibel l\u00f6sen<\/strong><br \/>\nDie Anforderungen an moderne Messsysteme steigen stetig: mehr Kan\u00e4le, schnellere Integration und maximale Flexibilit\u00e4t bei unterschiedlichsten Versuchsaufbauten. In diesem Webinar zeigen wir, wie die modulare M3-Serie von Ipetronik diese Herausforderungen adressiert. Erfahren Sie, wie sich Messmodule und Datenlogger schnell zu leistungsf\u00e4higen Messsystemen kombinieren lassen, welche Vorteile das innovative Verbindungskonzept bietet und wie die nahtlose Integration in IPEmotion einen effizienten Workflow von der Datenerfassung bis zur Analyse erm\u00f6glicht. Anhand eines praxisnahen Beispiels zeigen wir ein typisches Einsatzszenario aus der Fahrzeugentwicklung.<br \/>\n<strong>Micha Kuhs &#8211; Ipetronik<\/strong><\/td>\n<\/tr>\n<tr style=\"height: 70px;\">\n<td style=\"width: 80px; text-align: center; vertical-align: middle; height: 70px;\"><img data-recalc-dims=\"1\" loading=\"lazy\" decoding=\"async\" class=\"\" src=\"https:\/\/i0.wp.com\/messweb-masters.de\/wp-content\/uploads\/2025\/08\/MichaelTasler-60x60-1.jpg?resize=60%2C60&#038;ssl=1\" title=\"Michael Tasler\" width=\"60\" height=\"60\" \/><strong>10:30<br \/>&#8211;<br \/>11:00<\/strong><\/td>\n<td style=\"vertical-align: middle; height: 70px;\"><strong>Die Zukunft der Messtechnik \u2013 vom Frontend bis zum Embedded ADC-System<\/strong><br \/>\nOb Elektrifizierung von Antrieben, hochdynamische Regelkreise oder Leistungselektronik: Signale m\u00fcssen heute direkt an der Quelle hochpr\u00e4zise, st\u00f6rsicher und in Echtzeit erfasst werden. Mit dem ADCstamp pr\u00e4sentiert Labortechnik Tasler ein System-on-Module das genau an dieser Stelle ansetzt. Das kompakte AD-Wandler-Modul kombiniert hohe Pr\u00e4zision, galvanische Trennung und flexible Eingangsstufen in einem Format, das sich nahtlos in FPGA  oder CPU basierte Designs integrieren l\u00e4sst. Damit er\u00f6ffnet es neue M\u00f6glichkeiten f\u00fcr Entwickler und Anwender, die Messfunktionalit\u00e4t direkt in ihre Ger\u00e4te, Pr\u00fcfst\u00e4nde oder Embedded Systeme einbetten m\u00f6chten.<br \/>\n<strong>Michael Tasler &#8211; Labortechnik Tasler<\/strong><\/td>\n<\/tr>\n<tr style=\"height: 70px;\">\n<td style=\"width: 80px; text-align: center; vertical-align: middle; height: 70px;\"><img data-recalc-dims=\"1\" loading=\"lazy\" decoding=\"async\" class=\"\" src=\"https:\/\/i0.wp.com\/messweb-masters.de\/wp-content\/uploads\/2026\/09\/ElmarUhlitzsch-60x60-1.jpg?resize=60%2C60&#038;ssl=1\" title=\"Elmar Uhlitzsch\" width=\"60\" height=\"60\" \/><strong>11:00<br \/>&#8211;<br \/>11:30<\/strong><\/td>\n<td style=\"vertical-align: middle; height: 70px;\"><strong>Ber\u00fchrungslose Schwingungsmessung \u2013 Innovative Messtechnik f\u00fcr die Medizintechnik der Zukunft<\/strong><br \/>\nLaservibrometer erm\u00f6glichen einzigartige und unverf\u00e4lschte Einblicke in die Funktion Ihrer Produkte f\u00fcr FE-Modellabgleich, Modalanalyse, Funktionsoptimierung, Troubleshooting oder Qualit\u00e4tskontrolle.<br \/>\nEntdecken Sie die Vorteile der ber\u00fchrungslosen Schwingungsmessung f\u00fcr eine effiziente Produktentwicklung und messtechnische Absicherung Ihrer Produkte. Das Webinar gibt einen Einblick in die M\u00f6glichkeiten der Laser Doppler Vibrometrie mit Fokus auf Anwendungen aus der Medizintechnik.<br \/>\n<strong>Elmar Uhlitzsch &#8211; Polytec<\/strong><\/td>\n<\/tr>\n<tr style=\"height: 70px;\">\n<td style=\"width: 80px; text-align: center; vertical-align: middle; height: 70px;\"><img data-recalc-dims=\"1\" loading=\"lazy\" decoding=\"async\" class=\"\" src=\"https:\/\/i0.wp.com\/messweb-masters.de\/wp-content\/uploads\/2026\/09\/Blank-60x60-1.jpg?resize=60%2C60&#038;ssl=1\" title=\"\" width=\"60\" height=\"60\" \/><strong>11:30<br \/>&#8211;<br \/>12:00<\/strong><\/td>\n<td style=\"vertical-align: middle; height: 70px;\"><strong>Thema und Sprecher folgen in K\u00fcrze!<\/strong>\n<\/td>\n<\/tr>\n<tr style=\"height: 70px;\">\n<td style=\"width: 80px; text-align: center; vertical-align: middle; height: 70px;\"><strong>12:00<br \/>&#8211;<br \/>12:30<\/strong><\/td>\n<td style=\"vertical-align: middle; height: 63px;\"><strong>Podiumsdiskussion: Die Zukunft der Messtechnik<\/strong><br \/>\nFragerunde mit unseren Referenten: Welche Technologien werden die Branche nachhaltig ver\u00e4ndern?<\/td>\n<\/tr>\n<tr style=\"height: 70px;\">\n<td style=\"width: 80px; text-align: center; vertical-align: middle; height: 70px;\"><img data-recalc-dims=\"1\" loading=\"lazy\" decoding=\"async\" class=\"\" src=\"https:\/\/i0.wp.com\/messweb-masters.de\/wp-content\/uploads\/2026\/09\/Pokal_60x60.jpg?resize=60%2C60&#038;ssl=1\" title=\"\" width=\"60\" height=\"60\" \/><strong>12:30<br \/>&#8211;<br \/>13:00<\/strong><\/td>\n<td style=\"vertical-align: middle; height: 63px;\"><strong>messweb masters award 2026<\/strong><br \/>\nWer gewinnt die begehrten Troph\u00e4en? Die Gewinner der Kategorien &#8220;Messtechnik&#8221; und &#8220;Automotive Testing&#8221; pr\u00e4sentieren ihre erfolgreichen Produkte!<\/td>\n<\/tr>\n<\/tbody>\n<\/table>\n<p><h3>Programm | Tag 2 (folgt)<\/h3>\n<\/p>\n<p>Auch am <b>30. September<\/b> erwartet Sie ein spannendes Programm mit weiteren Themen aus der Welt von Sensorik, Mess- und Pr\u00fcftechnik, Automotive Testing und Bildverarbeitung. Die Details zum zweiten Konferenztag werden in K\u00fcrze bekannt gegeben.<\/p>\n","protected":false},"excerpt":{"rendered":"<p>Dieses Jahr findet das messweb masters erstmals als Digitale Konferenz statt \u2013 eingebettet in die ganzj\u00e4hrige Webinarreihe messweb insights, die wir gemeinsam mit unserem Partner messweb.de veranstalten. Freuen Sie sich auf zwei Tage voller spannender Technologien, Expertenwissen und Diskussionen rund&#8230;<\/p>\n","protected":false},"author":4,"featured_media":0,"parent":0,"menu_order":0,"comment_status":"closed","ping_status":"closed","template":"","meta":{"inline_featured_image":false,"footnotes":""},"class_list":["post-53802","page","type-page","status-publish","hentry"],"translation":{"provider":"WPGlobus","version":"3.0.5","language":"en","enabled_languages":["de","en"],"languages":{"de":{"title":true,"content":true,"excerpt":false},"en":{"title":false,"content":false,"excerpt":false}}},"jetpack_shortlink":"https:\/\/wp.me\/P8ayXV-dZM","jetpack_sharing_enabled":true,"_links":{"self":[{"href":"https:\/\/messweb-masters.de\/en\/wp-json\/wp\/v2\/pages\/53802","targetHints":{"allow":["GET"]}}],"collection":[{"href":"https:\/\/messweb-masters.de\/en\/wp-json\/wp\/v2\/pages"}],"about":[{"href":"https:\/\/messweb-masters.de\/en\/wp-json\/wp\/v2\/types\/page"}],"author":[{"embeddable":true,"href":"https:\/\/messweb-masters.de\/en\/wp-json\/wp\/v2\/users\/4"}],"replies":[{"embeddable":true,"href":"https:\/\/messweb-masters.de\/en\/wp-json\/wp\/v2\/comments?post=53802"}],"version-history":[{"count":40,"href":"https:\/\/messweb-masters.de\/en\/wp-json\/wp\/v2\/pages\/53802\/revisions"}],"predecessor-version":[{"id":53851,"href":"https:\/\/messweb-masters.de\/en\/wp-json\/wp\/v2\/pages\/53802\/revisions\/53851"}],"wp:attachment":[{"href":"https:\/\/messweb-masters.de\/en\/wp-json\/wp\/v2\/media?parent=53802"}],"curies":[{"name":"wp","href":"https:\/\/api.w.org\/{rel}","templated":true}]}}

<p>Dieses Jahr findet das messweb masters erstmals als <b>Digitale Konferenz</b> statt – eingebettet in die ganzjährige Webinarreihe <b>messweb <i>insights</i></b>, die wir gemeinsam mit unserem Partner messweb.de veranstalten. Freuen Sie sich auf zwei Tage voller spannender Technologien, Expertenwissen und Diskussionen rund um <b>Sensorik, Messtechnik, Prüftechnik und Automotive Testing.</b></p>
<p>Zum Auftakt am <b>29. September</b> steht die Frage im Mittelpunkt: <b>Wie sieht die Messtechnik von heute und morgen aus?</b> Hochkarätige Experten zeigen aktuelle Entwicklungen und konkrete Lösungen – von der flexiblen Datenerfassung über neue ADC-Systeme bis hin zur berührungslosen Schwingungsmessung. In der anschließenden Podiumsdiskussion zur Zukunft der Messtechnik wird diskutiert, welche Technologien die Branche nachhaltig verändern werden.</p>
<p>Gemeinsam mit unseren Referenten laden wir Sie herzlich ein! Die Teilnahme an der Digitalen Konferenz ist <b>kostenfrei.</b> Nach der <a href="https://events.teams.microsoft.com/event/8f7ab2ee-5c32-4185-92ef-42d7897b36d0@a572513d-dd58-4f49-a084-5abadacbf4be" target="_blank" rel="noopener noreferrer"><span style="color:#e67e23;">Anmeldung</span></a> erhalten Sie Ihren persönlichen Link zur Teilnahme.</p>
<p><h3>Programm | Tag 1</h3>
</p>
<table style="width: 100%; height: 140px;">
<tbody>
<tr style="height: 70px;">
<td style="width: 80px; text-align: center; vertical-align: middle; height: 70px;"><img data-recalc-dims="1" loading="lazy" decoding="async" class="" src="https://i0.wp.com/messweb-masters.de/wp-content/uploads/2026/09/MichaKuhs-60x60-1.jpg?resize=60%2C60&#038;ssl=1" title="Micha Kuhs" width="60" height="60" /><strong>10:00<br />&#8211;<br />10:30</strong></td>
<td style="vertical-align: middle; height: 70px;"><strong>Effiziente Datenerfassung mit der M3-Serie – Systeme integrieren, Messaufgaben flexibel lösen</strong><br />
Die Anforderungen an moderne Messsysteme steigen stetig: mehr Kanäle, schnellere Integration und maximale Flexibilität bei unterschiedlichsten Versuchsaufbauten. In diesem Webinar zeigen wir, wie die modulare M3-Serie von Ipetronik diese Herausforderungen adressiert. Erfahren Sie, wie sich Messmodule und Datenlogger schnell zu leistungsfähigen Messsystemen kombinieren lassen, welche Vorteile das innovative Verbindungskonzept bietet und wie die nahtlose Integration in IPEmotion einen effizienten Workflow von der Datenerfassung bis zur Analyse ermöglicht. Anhand eines praxisnahen Beispiels zeigen wir ein typisches Einsatzszenario aus der Fahrzeugentwicklung.<br />
<strong>Micha Kuhs &#8211; Ipetronik</strong></td>
</tr>
<tr style="height: 70px;">
<td style="width: 80px; text-align: center; vertical-align: middle; height: 70px;"><img data-recalc-dims="1" loading="lazy" decoding="async" class="" src="https://i0.wp.com/messweb-masters.de/wp-content/uploads/2025/08/MichaelTasler-60x60-1.jpg?resize=60%2C60&#038;ssl=1" title="Michael Tasler" width="60" height="60" /><strong>10:30<br />&#8211;<br />11:00</strong></td>
<td style="vertical-align: middle; height: 70px;"><strong>Die Zukunft der Messtechnik – vom Frontend bis zum Embedded ADC-System</strong><br />
Ob Elektrifizierung von Antrieben, hochdynamische Regelkreise oder Leistungselektronik: Signale müssen heute direkt an der Quelle hochpräzise, störsicher und in Echtzeit erfasst werden. Mit dem ADCstamp präsentiert Labortechnik Tasler ein System-on-Module das genau an dieser Stelle ansetzt. Das kompakte AD-Wandler-Modul kombiniert hohe Präzision, galvanische Trennung und flexible Eingangsstufen in einem Format, das sich nahtlos in FPGA  oder CPU basierte Designs integrieren lässt. Damit eröffnet es neue Möglichkeiten für Entwickler und Anwender, die Messfunktionalität direkt in ihre Geräte, Prüfstände oder Embedded Systeme einbetten möchten.<br />
<strong>Michael Tasler &#8211; Labortechnik Tasler</strong></td>
</tr>
<tr style="height: 70px;">
<td style="width: 80px; text-align: center; vertical-align: middle; height: 70px;"><img data-recalc-dims="1" loading="lazy" decoding="async" class="" src="https://i0.wp.com/messweb-masters.de/wp-content/uploads/2026/09/ElmarUhlitzsch-60x60-1.jpg?resize=60%2C60&#038;ssl=1" title="Elmar Uhlitzsch" width="60" height="60" /><strong>11:00<br />&#8211;<br />11:30</strong></td>
<td style="vertical-align: middle; height: 70px;"><strong>Berührungslose Schwingungsmessung – Innovative Messtechnik für die Medizintechnik der Zukunft</strong><br />
Laservibrometer ermöglichen einzigartige und unverfälschte Einblicke in die Funktion Ihrer Produkte für FE-Modellabgleich, Modalanalyse, Funktionsoptimierung, Troubleshooting oder Qualitätskontrolle.<br />
Entdecken Sie die Vorteile der berührungslosen Schwingungsmessung für eine effiziente Produktentwicklung und messtechnische Absicherung Ihrer Produkte. Das Webinar gibt einen Einblick in die Möglichkeiten der Laser Doppler Vibrometrie mit Fokus auf Anwendungen aus der Medizintechnik.<br />
<strong>Elmar Uhlitzsch &#8211; Polytec</strong></td>
</tr>
<tr style="height: 70px;">
<td style="width: 80px; text-align: center; vertical-align: middle; height: 70px;"><img data-recalc-dims="1" loading="lazy" decoding="async" class="" src="https://i0.wp.com/messweb-masters.de/wp-content/uploads/2026/09/Blank-60x60-1.jpg?resize=60%2C60&#038;ssl=1" title="" width="60" height="60" /><strong>11:30<br />&#8211;<br />12:00</strong></td>
<td style="vertical-align: middle; height: 70px;"><strong>Thema und Sprecher folgen in Kürze!</strong>
</td>
</tr>
<tr style="height: 70px;">
<td style="width: 80px; text-align: center; vertical-align: middle; height: 70px;"><strong>12:00<br />&#8211;<br />12:30</strong></td>
<td style="vertical-align: middle; height: 63px;"><strong>Podiumsdiskussion: Die Zukunft der Messtechnik</strong><br />
Fragerunde mit unseren Referenten: Welche Technologien werden die Branche nachhaltig verändern?</td>
</tr>
<tr style="height: 70px;">
<td style="width: 80px; text-align: center; vertical-align: middle; height: 70px;"><img data-recalc-dims="1" loading="lazy" decoding="async" class="" src="https://i0.wp.com/messweb-masters.de/wp-content/uploads/2026/09/Pokal_60x60.jpg?resize=60%2C60&#038;ssl=1" title="" width="60" height="60" /><strong>12:30<br />&#8211;<br />13:00</strong></td>
<td style="vertical-align: middle; height: 63px;"><strong>messweb masters award 2026</strong><br />
Wer gewinnt die begehrten Trophäen? Die Gewinner der Kategorien &#8220;Messtechnik&#8221; und &#8220;Automotive Testing&#8221; präsentieren ihre erfolgreichen Produkte!</td>
</tr>
</tbody>
</table>
<p><h3>Programm | Tag 2 (folgt)</h3>
</p>
<p>Auch am <b>30. September</b> erwartet Sie ein spannendes Programm mit weiteren Themen aus der Welt von Sensorik, Mess- und Prüftechnik, Automotive Testing und Bildverarbeitung. Die Details zum zweiten Konferenztag werden in Kürze bekannt gegeben.</p>

<p>Dieses Jahr findet das messweb masters erstmals als Digitale Konferenz statt – eingebettet in die ganzjährige Webinarreihe messweb insights, die wir gemeinsam mit unserem Partner messweb.de veranstalten. Freuen Sie sich auf zwei Tage voller spannender Technologien, Expertenwissen und Diskussionen rund&#8230;</p>
